Calculate the greatest common factor of u and 3.
1
Suppose -3*y = -5*k - 0 - 5, 2*y = -5*k + 20. Suppose -n - 2*n + 4*m = -54, y*n - m = 73. Calculate the highest common factor of 154 and n.
14
Let g = -96 + 108. Calculate the highest common divisor of g and 60.
12
Suppose 0*r = r - 16. Let f be (-4)/2 + 183 + -5. Calculate the highest common factor of f and r.
16
Let l = 39 - -3. Calculate the highest common divisor of 56 and l.
14
Let b(a) = -a**3 + 5*a**2 + 7*a - 9. Let q = -15 - -21. Let v be b(q). Let z be 3/(-3 - 10/v). Calculate the highest common factor of 63 and z.
9
Let c be (-2)/5 - 984/(-10). Let p = -13 + 27. Calculate the greatest common factor of c and p.
14
Suppose o + 0*o - 6 = 0. Suppose 23*r - 22*r = 4. Calculate the greatest common factor of o and r.
2
Suppose 0*m + 4*m = 0. Let o be -1 - (m - 4/1). Calculate the greatest common factor of o and 12.
3
Suppose 2*a - 5 - 3 = 0. What is the greatest common divisor of a and 2?
2
Suppose -8 = 5*p + 17, 0 = -y - 3*p + 3. What is the greatest common factor of y and 144?
18
Suppose -d + 48 = 2*d. Suppose -2*b = -0*b - d. Calculate the highest common factor of b and 56.
8
Suppose 0 = -5*n - 4*r + 8*r + 68, 34 = 2*n - 5*r. Calculate the greatest common factor of n and 4.
4
Suppose -281 = -5*g + j, -223 = -11*g + 7*g - j. Let k be (-1)/(-3) - (-40)/6. What is the highest common factor of k and g?
7
Let b(z) = z**2 + 6*z + 10. Let j be b(-8). Let v(k) = -k**2 - 5*k + 2. Let y be v(-5). Let a be y/(-3) + j/3. Calculate the highest common divisor of 2 and a.
2
Suppose -4*f + 164 + 112 = 0. Calculate the greatest common divisor of f and 23.
23
Let w = -491 + 699. Suppose w = -q + 3*q. Calculate the greatest common divisor of q and 13.
13
Suppose 2*v - 36 = -5*w + 3*w, -2*v = 3*w - 39. Let k(z) = 2*z**2 - 15*z - 17. Let o be k(14). Calculate the highest common divisor of v and o.
15
Let h be 9 + 0 + -1 + 2. Let i(u) = -17*u - 14. Let l be i(-2). What is the greatest common factor of h and l?
10
Suppose 3*x - 11 = 13. Let c = x + -2. Calculate the greatest common factor of 6 and c.
6
Let q(s) = -3*s**2 - 2*s + 2. Let d be q(1). Let t be 23/1 + -2 + d. What is the highest common divisor of 9 and t?
9
Suppose 4*f - 3*n = -2, 2*f + 4*n - 3*n = 4. Let d(l) = l + 8. Let m be d(-7). Suppose -4*r - m = -5. Calculate the greatest common factor of f and r.
1
Suppose 0 = -3*l - 0*l - 12. Let a = l - -11. Let s(y) = 7*y. Let m be s(8). What is the greatest common factor of a and m?
7
Suppose 5*z - 11 = 2*j, 3*j + 2*z = 1 + 11. Let q be 9/(-4)*j*-2. Let g be 3/4 + 1/4. Calculate the greatest common divisor of q and g.
1
Suppose 0*m - m - 61 = -4*x, 63 = 4*x - 3*m. Calculate the greatest common factor of x and 30.
15
Let w(s) = -s + 1. Let f(m) = 4*m - 3. Let r(z) = f(z) + 5*w(z). Let k be r(-7). Calculate the highest common divisor of 6 and k.
3
Suppose 47 = 4*i - 5. Let w(d) = d - 19*d**2 + i*d**2 + 13*d**2 + 1 + 56*d**2. Let n be w(-1). What is the greatest common factor of n and 7?
7
Let x be ((-6)/(-18))/(14/12 + -1). Suppose -20 = -7*w + 3*w. Suppose 2*o + w = 7*o. What is the greatest common factor of o and x?
1
Let y(s) = -s + 5. Let h be y(3). Suppose 4*u - 23 = -7*q + 4*q, -2*q + 14 = 2*u. What is the greatest common factor of h and u?
2
Let v = 16 + -28. Let f be 1/((15/v)/(-5)). What is the highest common factor of 4 and f?
4
Let z = 114 - 79. Let r be (-299)/(-46) + 1/2. What is the highest common factor of z and r?
7
Let b(a) be the third derivative of 23*a**4/24 + 2*a**3/3 - 4*a**2. Let l = -6 - -10. Let y be b(l). Calculate the highest common divisor of 12 and y.
12
Suppose 2*w - 13 = u - 62, u + 107 = -4*w. Let c = 82 + -126. Let q = w - c. What is the highest common factor of 126 and q?
18
Suppose 3*s = k - 0*k + 11, s = 5. Let n be k - (2 + 0) - -1. Let x be (9/(-6))/(n/(-16)). What is the greatest common factor of x and 72?
8
Let f = -104 - -119. What is the highest common factor of f and 90?
15
Suppose g + 3 - 10 = 0. Let w be (77/2)/1*2. Calculate the highest common divisor of w and g.
7
Let a be ((-40)/25)/((-4)/220). What is the greatest common factor of 8 and a?
8
Let j be 868/3 - 8/(-12). Suppose 7*a - j = 2*a. Let h = -28 + a. What is the greatest common divisor of 12 and h?
6
Suppose 33 + 142 = 7*j. Calculate the highest common factor of j and 25.
25
Suppose -3*w + 60 = w. Let i be 50/w*12/5. Suppose 2*s - 5*r - 5 = 12, -5*r + 47 = 2*s. Calculate the highest common divisor of s and i.
8
Suppose -4*j + 41 = 1. Let a be (-1)/((-22)/j + 2). Let s be (a/4)/((-2)/(-88)). Calculate the highest common divisor of s and 22.
11
Suppose -3*u - 2*j = -42, 0*u + 42 = 3*u + 5*j. Calculate the greatest common divisor of u and 56.
14
Let v = 156 - 79. Calculate the highest common factor of v and 11.
11
Let p = -78 + 113. Suppose 19 = 4*u + o + 2, -3*u + 3*o = -9. Let n = 1 + u. What is the greatest common divisor of p and n?
5
Let q(l) = l**2 - 4*l + 5. Let j be q(2). What is the highest common divisor of j and 4?
1
Suppose -2*f + 326 = -5*h, 3*f - f = 3*h + 318. What is the highest common factor of f and 17?
17
Suppose 3*l = -5*h + 326, 0 = -h + 6*h + 25. What is the highest common divisor of l and 13?
13
Suppose p + 5*k + 17 = 2*p, 3*p + 4*k - 32 = 0. Calculate the highest common divisor of 60 and p.
12
Let t be (0 + 19/(-2))*-2. What is the highest common divisor of t and 190?
19
Let x(p) = p**2 + 8. Let o(u) = u**2 + 9. Let i(j) = -4*o(j) + 5*x(j). Let q be i(-6). What is the highest common divisor of 10 and q?
10
Suppose -15*h + 20*h - 140 = 0. What is the highest common divisor of h and 4?
4
Let a = 15 - 0. Let t(p) = -p + 4. Let s be t(4). Suppose x - 4 - 26 = s. Calculate the greatest common divisor of x and a.
15
Let j(o) = o**3 - 5*o**2 + 4. Let m be j(5). Let i be 6/m - (-25)/2. Let g(v) = 3*v**2 - 3*v. Let b be g(-6). Calculate the highest common divisor of b and i.
14
Let z = -77 - -112. Suppose 0 = -5*o - 2*l - 24, 2*o + 3*l - 5*l = -4. Let f be (-26)/o - (-2)/4. Calculate the greatest common divisor of z and f.
7
Suppose 2*s = s + 1, -2*t - 2*s + 130 = 0. Let g(d) = -d**3 - 7*d**2 - 6*d + 1. Let l be g(-5). Let p = 27 + l. Calculate the greatest common factor of t and p.
8
Let p(a) = a**2 + a + 4. Let k be p(0). Suppose k*f + g = 28, -4*f = -2*f + g - 16. Suppose -f*o = -o - 75. What is the highest common factor of o and 6?
3
Let b(g) = -g + 7. Let w be b(5). Suppose 2 = -w*a, a + 4 + 9 = v. Let z be (v/(-21))/(6/(-21)). What is the highest common divisor of 10 and z?
2
Let v = 1024 + -277. Suppose 8*i + 79 = -81. Let s be (-5)/i + v/4. Calculate the greatest common divisor of 17 and s.
17
Suppose 330 = 2*l + 310. Let r = 100 + -50. What is the greatest common divisor of r and l?
10
Let n = 0 + 1. Let w be (4/6)/(n/33). Let l = 475 - 453. What is the highest common factor of l and w?
22
Let q = 19 - -17. Calculate the greatest common divisor of 252 and q.
36
Let v be (6/(-4))/((-8)/816). Let y = 14 + v. Let b = y - 97. What is the greatest common divisor of b and 14?
14
Suppose -4*j = -3*v + 26, j - 4*j = 4*v - 18. Suppose 0*l + 14 = 3*s - 4*l, -s + 18 = -4*l. Let x = 14 + s. Calculate the greatest common factor of x and v.
6
Suppose 12*f - 36 = 9*f. What is the highest common factor of 12 and f?
12
Let m be (3 - -2 - 0)*1. Let r = -19 - -43. Let x be (r/18)/((-2)/(-15)). Calculate the highest common factor of x and m.
5
Let n(d) = -113*d - 4. Let l be n(-4). Let f = l - 285. Suppose -4*k + f = 35. Calculate the highest common factor of k and 8.
8
Suppose 0 = c - 3 - 2. Suppose 3*x - x - 31 = 5*d, -x + c*d = -18. What is the greatest common factor of x and 143?
13
Let u be ((-7)/(-2))/(2/12). Let x(s) = -s**3 - 7*s**2 + 7*s + 12. Let h be x(-8). Let c be 2/6 + h/3. What is the greatest common factor of c and u?
7
Suppose -r - 2*k = 16 - 80, 2*r - k = 103. What is the greatest common divisor of r and 18?
18
Suppose 0 = -4*g + 2*j + 70, -g + 16 = -0*g - j. Let h = 31 - g. Calculate the greatest common divisor of 132 and h.
12
Let z(l) = 24*l - 24. Let t be z(8). What is the highest common factor of 112 and t?
56
Let f(v) = -v**3 + 7*v**2 - 2*v + 24. Let s be f(7). What is the greatest common factor of 45 and s?
5
Let u = 7 + 21. What is the greatest common factor of u and 14